p - 30656 - 40404 = 0. What is the highest common factor of 440 and p?
220
Let y(u) = -187*u - 1681. Let x be y(-28). What is the highest common factor of x and 45?
45
Suppose -5*q + 55 = -3*a, 0 = 3*q - q + a - 22. Suppose -6 = q*b - 28. Calculate the greatest common factor of b and 5.
1
Let g(s) = 6*s**2 - 5*s + 3. Let b be g(1). Suppose -73 = -4*o + b*k - 5*k, -4*o = 5*k - 93. What is the greatest common divisor of o and 17?
17
Let d(a) = 21*a**3 + 3*a**2 - 3*a + 1. Let z be d(1). Suppose -5*g = -z + 2. Calculate the highest common factor of g and 12.
4
Let w be (1/(-3))/((-300)/99000). Calculate the greatest common divisor of 160 and w.
10
Let k(o) = -8*o**3 + 147*o**2 + 124*o - 26. Let d be k(19). Calculate the greatest common divisor of d and 14385.
105
Let p(f) = 8*f**2 - 91*f - 9. Let u be p(15). What is the greatest common factor of u and 142?
142
Let a = 70 + 10. Suppose 2*m - 4*x = -8*x + a, 3*x - 40 = -m. Let c be -2 + (-1)/((-2)/24). What is the highest common divisor of c and m?
10
Let c = -3848 - -4048. Calculate the greatest common factor of 320 and c.
40
Let u(r) = 151*r - 4225. Let f be u(28). Calculate the highest common divisor of 2577 and f.
3
Let j(n) = n**3 - 8*n**2 - 8*n + 27. Let z be j(9). Calculate the greatest common factor of z and 744.
12
Let g = -4 + 16. Suppose 0 = 2*p - 16 - g. Let b be 18/(-27)*(-567)/18. Calculate the greatest common factor of b and p.
7
Let b = 13351 + -3299. Calculate the greatest common divisor of 56 and b.
28
Let v be (-2)/(-25) - 125689/(-1075). Suppose 5*y = 3*l - 327, -4*l - 5*y = -2*y - 407. What is the greatest common factor of v and l?
13
Suppose -548 - 243 = -16*x + 217. What is the highest common factor of x and 5649?
21
Suppose 0 = -28*k - 4854 + 24342. What is the highest common factor of 203 and k?
29
Let j(g) = -g + 43. Let s be (-144)/(-14) + 94/(-329). Let y be j(s). What is the highest common divisor of y and 33?
33
Let p be 1 + 0 - (10 - 107). Let v = 101 - p. Suppose 0 = -4*s + 186 + 42. What is the greatest common factor of v and s?
3
Let d be 148/(-6) + -10 + (-2)/6. Let m be (65 + -1)/(6 + 196/d). Let a = -26 - -46. Calculate the highest common divisor of a and m.
20
Let q = 22 + -17. Suppose 2*s - g = 10, -q*g - 17 = 3*s - 2*s. Let f = 2269 + -2260. Calculate the greatest common factor of f and s.
3
Let j(d) = d**2 - 280*d - 844. Let v be j(-3). Let t(m) = m - 1. Let i be t(4). Calculate the greatest common divisor of v and i.
1
Suppose 38*u - 21 = 17*u. Let b be (-9 + (-50)/20)/(u/(-22)). Calculate the highest common factor of b and 33.
11
Suppose 303 = -16*q + 1023. Suppose -4*v - 2*h + 602 = 0, -3*v - q = 4*h - 489. What is the greatest common divisor of v and 8?
8
Suppose 17*r = 14*r + 4*v + 933, 0 = 4*r + 5*v - 1275. Let x(n) = -16*n - 3. Let g be x(-3). Calculate the highest common factor of g and r.
45
Suppose -902 = -5*m - 2*i, -2*i + 425 = -5*m + 1343. Suppose -182 = -7*u + m. Calculate the greatest common divisor of u and 8.
4
Let d be 2675 + (10 - 7 - 1) - -2. What is the greatest common factor of d and 285?
57
Let d be -1*(-4 - 15) + -3. Suppose -4 = -d*b + 14*b. What is the highest common factor of 34 and b?
2
Let c be -4 + ((-3)/(-7))/((-22)/(-154)) - -633. Calculate the greatest common factor of 80 and c.
8
Let y(m) = m + 66. Let o be y(7). Let k = -37 + o. What is the greatest common divisor of k and 396?
36
Suppose 0*a = -5*n + 3*a + 77, 4*a = 4. Let p be 126/(-4)*(-3328)/78. Calculate the highest common divisor of p and n.
16
Let s = -708 - -707. Let q be (s + 0)*(-99 - 22). What is the greatest common divisor of q and 242?
121
Suppose 32927 - 19025 = 2*n. Calculate the highest common factor of 21 and n.
21
Suppose -10*q + 2*q + 48 = 0. Suppose q*n = n + 3*n. Suppose n = -l + 45 - 10. What is the greatest common divisor of l and 35?
35
Let f be 4 - (-5 - -2) - -5513. Calculate the highest common factor of 69 and f.
69
Let c = -45 - -49. Let t be 111*-2*(-6 + (-48)/(-9)). Calculate the highest common divisor of t and c.
4
Suppose 0*s - s + 102 = i, -2*i + 410 = 4*s. Suppose 749*m = 500 + 249. What is the highest common factor of m and s?
1
Let n(p) = -31*p - 43. Suppose -5*g + v - 114 = 0, 13*g + 5*v + 90 = 8*g. Let u be n(g). Calculate the greatest common divisor of u and 9.
9
Let c = -553 - -569. Suppose -2*a + c*a = 2016. Let x = -18 - -36. Calculate the greatest common divisor of a and x.
18
Suppose -4*r - 2*v = r - 286, r - 5*v - 41 = 0. Suppose 0 = 2*q - 4*d - 8, 5*q = 4*d - 3*d + r. Let j = 51 - 35. What is the greatest common factor of j and q?
4
Let x = 1842 + -1814. Let j be 4*414/12 + -5. What is the highest common factor of j and x?
7
Let t = 116 - 113. Suppose 4*v - t*u - 57 = 0, 4*v - 9*v = 4*u - 48. Let h be (-4)/(-18) - (-424)/36. What is the highest common factor of v and h?
12
Let q(i) = i**3 + i**2 - i. Let r(c) = -68*c**3 + 6*c**2 - 5*c + 1. Let p(h) = 3*q(h) - r(h). Let j be p(1). Calculate the greatest common divisor of j and 6.
3
Let c be (11 - -4239) + 8 + (0 - 3). What is the highest common divisor of 111 and c?
37
Let f(j) = j**2 - 30*j - 204. Let t be f(36). Let y be (-1 - 3)*(-3 - 3). What is the greatest common factor of y and t?
12
Let h = 8606 - 8514. Calculate the greatest common divisor of h and 36.
4
Suppose a = 3*a - 5*r - 8, 5*a = -2*r + 20. Let k(b) = -4*b + 150. Let x be k(3). Let q be (x/(-92))/(3/(-4)). Calculate the highest common factor of a and q.
2
Suppose 135 + 395 = 5*p. Suppose -r + 67 = 5*o - p, 41 = o - 3*r. Suppose -o + 9 = -i. Calculate the greatest common factor of i and 104.
26
Let d(v) = v**3 - 90*v**2 - 175*v + 52. Let w be d(92). What is the greatest common divisor of w and 160?
80
Suppose -725*u - 798*u + 1330186 = 1283*u + 1845*u. Let l be ((-78)/8)/((-3)/8). What is the highest common factor of l and u?
26
Let j be (2*(-1 + 2))/((-3)/(-192)). Let c = j + -121. Calculate the highest common divisor of c and 217.
7
Suppose n = -3*m + 2314, -4*n = -32 + 16. What is the highest common divisor of m and 2618?
154
Let f = -26 + 128. Let j = -42 + f. What is the greatest common divisor of 40 and j?
20
Let q = 93 - 89. Let x be (-4)/10*(-90)/9. Let j be 16 - (-6 + x + 4). What is the greatest common divisor of q and j?
2
Suppose 0 = 5*i + 5*u - 35, -2*i - 2*u = -3*u - 8. Suppose -4*g - i*g = 0. Suppose g = 4*h - 15 - 97. What is the greatest common factor of 56 and h?
28
Suppose -4*y + 5*l + 1326 = 0, -1240 - 404 = -5*y + 4*l. Calculate the highest common factor of y and 918.
54
Let w = 12682 + -12644. Calculate the greatest common divisor of 247 and w.
19
Let h(l) = l**3 - 6*l**2 + 4*l + 7. Let c be h(5). Suppose 9*b - 21 = 16*b. Let s be (b - -8)/(1 + 0/1). Calculate the highest common factor of s and c.
1
Let d be 44658/21 + 1080/756. What is the greatest common divisor of d and 7?
7
Suppose 11*f - 41*f + 4*f + 2080 = 0. Calculate the highest common divisor of 100 and f.
20
Let z(y) = 24*y**2 + 1845*y - 228. Let d be z(-77). Suppose o - 7 - 5 = 0. Let c = -7 + o. Calculate the greatest common factor of c and d.
1
Suppose -5*k + 298 = -a + 5*a, 4*k = -2*a + 152. Let g be (2 - (-20 + 18))*8. What is the highest common divisor of a and g?
8
Let b = 60841 - 25076. What is the highest common divisor of 115 and b?
115
Suppose 0 = -3*r - 2*r + 2*q - 160, q - 165 = 5*r. Let h be ((-79)/(-2))/(3/6). Let u = h + r. Calculate the greatest common factor of 5 and u.
5
Let n = -83 - -230. Let i = -64 + 124. Let z = i - 39. What is the highest common divisor of z and n?
21
Let p be 8/20 + 15/(525/2716). Calculate the greatest common divisor of p and 2067.
39
Let x be 1267/6*(-69)/(-322)*(239 + -7). What is the greatest common factor of 1448 and x?
362
Let j = 6468 + -6411. Calculate the greatest common factor of 10317 and j.
57
Let u be 90/4*(-16)/(-24). Let x be (39/9)/((-1)/(-45)). What is the greatest common divisor of u and x?
15
Let l = -186 - -281. Suppose 0 = -5*o + 3*y - l + 269, 0 = o - 5*y - 48. What is the greatest common factor of 55 and o?
11
Suppose -5*u = -r - 1501, r - 296 = -u - 3*r. Let h be (-16)/((-2)/(-8) + (-99)/u). Calculate the greatest common factor of 40 and h.
40
Let s(f) = -f**3 + 5*f**2 + 58*f - 10. Let z be s(-9). Suppose -41*j + z = 2*j. Calculate the greatest common divisor of j